{"id":9569,"date":"2019-10-26T09:10:13","date_gmt":"2019-10-26T07:10:13","guid":{"rendered":"https:\/\/groupglobal3000.de\/?page_id=9569"},"modified":"2022-09-11T14:04:48","modified_gmt":"2022-09-11T12:04:48","slug":"group-global-3000-on-re-space","status":"publish","type":"page","link":"https:\/\/gg3.eu\/en\/group-global-3000-on-re-space\/","title":{"rendered":"Group Global 3000 on RE-SPACE"},"content":{"rendered":"<p>Group Global 3000 on RE-SPACE<\/p>\n<p>Commissioned by Group Global 3000, Tom Albrecht made an artistic model of the project space with gallery. The <strong>network of free Berlin project spaces and initiatives<\/strong> shows this in an exhibition:<\/p>\n<p><strong>RE-SPACE <\/strong><strong>\/<\/strong> Take Back the Space<strong><br \/>\n<\/strong> 10 Years Network of Independent Berlin Project Spaces and Initiatives <strong><\/p>\n<p>  <em>RE-SPACE \/ Take Back the Space<br \/>\n10 Years Network of Independent Berlin Project Spaces and Initiatives<\/em><\/p>\n<p><\/strong>c\/o KUNSTPUNKT BERLIN, Schlegelstra\u00dfe 6, 10115 Berlin<br \/>\nVernissage: 12.9.2019, 7 pm \/ <em>7<\/em> pm<br \/>\nPerformance: Sergey Kasich &#8220;FingerRing technique (FrR)  [Singuhr]\nAusstellung \/ Exhibition: 13.9.-13.10.2019<br \/>\nOpening hours: 9\/13-15\/2019, 1-7 p.m. \/ 9\/19-13\/10\/2019, 3-7 p.m.<\/p>\n<div id=\"attachment_9394\" style=\"width: 650px\" class=\"wp-caption alignright\"><a href=\"https:\/\/gg3.eu\/wp-content\/uploads\/2019\/09\/modell-gg-4w.jpg\" data-rel=\"lightbox-image-0\" data-magnific_type=\"image\" data-rl_title=\"\" data-rl_caption=\"\"><img loading=\"lazy\" decoding=\"async\" aria-describedby=\"caption-attachment-9394\" class=\"wp-image-9394 size-large\" title=\"\" src=\"https:\/\/gg3.eu\/wp-content\/uploads\/2019\/09\/modell-gg-4w-768x1024.jpg\" alt=\"Artistic model of the exhibition space Group Global 3000. (C) Tom Albrecht Group Global 3000 on RE-SPACE\" width=\"640\" height=\"853\" srcset=\"https:\/\/gg3.eu\/wp-content\/uploads\/2019\/09\/modell-gg-4w.jpg 768w, https:\/\/gg3.eu\/wp-content\/uploads\/2019\/09\/modell-gg-4w-225x300.jpg 225w\" sizes=\"auto, (max-width: 640px) 100vw, 640px\" \/><\/a><p id=\"caption-attachment-9394\" class=\"wp-caption-text\">Artist&#8217;s model of the exhibition space Group Global 3000. (C) Tom Albrecht<\/p><\/div>\n<p>Cordula Prieser, Reto Pulfer and Dreams of Art Spaces Collected, an artistic research project by Dorothee Albrecht, (Alf L\u00f6hr,) Andreas Schmid and Moira Zoitl for the International Society of Fine Arts (IGBK), as well as &#8220;10 Years Network&#8221; (archive).<\/p>\n<p><strong><em> Involved<\/em> Projekt Spaces und<em> -initiatives<\/em>\/<em> Involved Project Spaces and Initiatives<\/em>:<br \/>\n<\/strong>A TRANS, Axel Obiger, BERLIN-WEEKLY, Camping Akademie e.V., Changing Room, Copyright, Frauenmuseum, Group Global 3000, HilbertRaum, hunger :: Offensive f\u00fcr Denkbilder und Kommunikation, mp43- projektraum f\u00fcr das periphere, oqbo &#8211; raum f\u00fcr bild wort und ton, Scharaun, SCOTTY, Spinner &amp; Weber, Spor Kl\u00fcb\u00fc, Studio Baustelle, superbien!, Untergrundmuseum U144, when the image is new the world is new.<\/p>\n<p>The exhibition on the theme &#8220;<strong>re-space<\/strong> &#8211; reclaiming space&#8221; shows artistic productions and tries to build a bridge, to trace the past, to present the current situation and to develop visions for our freedoms in the future. It is about a counter-movement that preserves the diversity of our scene, as well as about the question of the necessity and the possibilities of self-determination of art and its visualization in the city today.<\/p>\n<p><a href=\"http:\/\/www.projektraeume-berlin.net\/re-space\/\">More information<\/a><\/p>\n<p><em>The exhibition <strong>re-space &#8211; Take back the Space<\/strong> attempts to draw an arc back and trace history, to present the current situation, and to develop visions of our artistic freedom in the future. It is about a backlash that the plurality of our scene has come to, as well as the fundamental questions of the possibility and necessity of the autonomy of art and how it is displayed in the city today.<\/em><\/p>\n","protected":false},"excerpt":{"rendered":"<p>Group Global 3000 on RE-SPACE Commissioned by Group Global 3000, Tom Albrecht made an artistic model of the project space with gallery. The network of free Berlin project spaces and initiatives shows this in an exhibition: RE-SPACE \/ Take Back the Space 10 Years Network of Independent Berlin Project Spaces and Initiatives RE-SPACE \/ Take [&hellip;]<\/p>\n","protected":false},"author":5,"featured_media":0,"parent":0,"menu_order":0,"comment_status":"closed","ping_status":"closed","template":"","meta":{"footnotes":""},"tags":[],"class_list":["post-9569","page","type-page","status-publish","hentry"],"yoast_head":"<!-- This site is optimized with the Yoast SEO plugin v27.5 - https:\/\/yoast.com\/product\/yoast-seo-wordpress\/ -->\n<title>Group Global 3000 on RE-SPACE<\/title>\n<meta name=\"description\" content=\"Group Global 3000 exhibits its space model on RE-SPACE, Vernissage: 12.9.2019, 7 pm, c\/o KUNSTPUNKT BERLIN, Schlegelstra\u00dfe 6, 10115 Berlin.\" \/>\n<meta name=\"robots\" content=\"index, follow, max-snippet:-1, max-image-preview:large, max-video-preview:-1\" \/>\n<link rel=\"canonical\" href=\"https:\/\/gg3.eu\/en\/group-global-3000-on-re-space\/\" \/>\n<meta property=\"og:locale\" content=\"en_US\" \/>\n<meta property=\"og:type\" content=\"article\" \/>\n<meta property=\"og:title\" content=\"Group Global 3000 on RE-SPACE\" \/>\n<meta property=\"og:description\" content=\"Group Global 3000 exhibits its space model on RE-SPACE, Vernissage: 12.9.2019, 7 pm, c\/o KUNSTPUNKT BERLIN, Schlegelstra\u00dfe 6, 10115 Berlin.\" \/>\n<meta property=\"og:url\" content=\"https:\/\/gg3.eu\/en\/group-global-3000-on-re-space\/\" \/>\n<meta property=\"og:site_name\" content=\"Galerie f\u00fcr nachhaltige Kunst in Berlin\" \/>\n<meta property=\"article:publisher\" content=\"https:\/\/www.facebook.com\/GroupGlobal3000\/\" \/>\n<meta property=\"article:modified_time\" content=\"2022-09-11T12:04:48+00:00\" \/>\n<meta property=\"og:image\" content=\"https:\/\/gg3.eu\/wp-content\/uploads\/2019\/09\/modell-gg-4w-768x1024.jpg\" \/>\n<meta name=\"twitter:card\" content=\"summary_large_image\" \/>\n<meta name=\"twitter:label1\" content=\"Est. reading time\" \/>\n\t<meta name=\"twitter:data1\" content=\"2 minutes\" \/>\n<script type=\"application\/ld+json\" class=\"yoast-schema-graph\">{\"@context\":\"https:\\\/\\\/schema.org\",\"@graph\":[{\"@type\":\"WebPage\",\"@id\":\"https:\\\/\\\/gg3.eu\\\/en\\\/group-global-3000-on-re-space\\\/\",\"url\":\"https:\\\/\\\/gg3.eu\\\/en\\\/group-global-3000-on-re-space\\\/\",\"name\":\"Group Global 3000 on RE-SPACE\",\"isPartOf\":{\"@id\":\"https:\\\/\\\/gg3.eu\\\/en\\\/#website\"},\"primaryImageOfPage\":{\"@id\":\"https:\\\/\\\/gg3.eu\\\/en\\\/group-global-3000-on-re-space\\\/#primaryimage\"},\"image\":{\"@id\":\"https:\\\/\\\/gg3.eu\\\/en\\\/group-global-3000-on-re-space\\\/#primaryimage\"},\"thumbnailUrl\":\"https:\\\/\\\/gg3.eu\\\/wp-content\\\/uploads\\\/2019\\\/09\\\/modell-gg-4w-768x1024.jpg\",\"datePublished\":\"2019-10-26T07:10:13+00:00\",\"dateModified\":\"2022-09-11T12:04:48+00:00\",\"description\":\"Group Global 3000 exhibits its space model on RE-SPACE, Vernissage: 12.9.2019, 7 pm, c\\\/o KUNSTPUNKT BERLIN, Schlegelstra\u00dfe 6, 10115 Berlin.\",\"breadcrumb\":{\"@id\":\"https:\\\/\\\/gg3.eu\\\/en\\\/group-global-3000-on-re-space\\\/#breadcrumb\"},\"inLanguage\":\"en-US\",\"potentialAction\":[{\"@type\":\"ReadAction\",\"target\":[\"https:\\\/\\\/gg3.eu\\\/en\\\/group-global-3000-on-re-space\\\/\"]}]},{\"@type\":\"ImageObject\",\"inLanguage\":\"en-US\",\"@id\":\"https:\\\/\\\/gg3.eu\\\/en\\\/group-global-3000-on-re-space\\\/#primaryimage\",\"url\":\"https:\\\/\\\/gg3.eu\\\/wp-content\\\/uploads\\\/2019\\\/09\\\/modell-gg-4w-768x1024.jpg\",\"contentUrl\":\"https:\\\/\\\/gg3.eu\\\/wp-content\\\/uploads\\\/2019\\\/09\\\/modell-gg-4w-768x1024.jpg\"},{\"@type\":\"BreadcrumbList\",\"@id\":\"https:\\\/\\\/gg3.eu\\\/en\\\/group-global-3000-on-re-space\\\/#breadcrumb\",\"itemListElement\":[{\"@type\":\"ListItem\",\"position\":1,\"name\":\"Startseite\",\"item\":\"https:\\\/\\\/gg3.eu\\\/en\\\/\"},{\"@type\":\"ListItem\",\"position\":2,\"name\":\"Group Global 3000 on RE-SPACE\"}]},{\"@type\":\"WebSite\",\"@id\":\"https:\\\/\\\/gg3.eu\\\/en\\\/#website\",\"url\":\"https:\\\/\\\/gg3.eu\\\/en\\\/\",\"name\":\"Galerie f\u00fcr nachhaltige Kunst in Berlin\",\"description\":\"\",\"potentialAction\":[{\"@type\":\"SearchAction\",\"target\":{\"@type\":\"EntryPoint\",\"urlTemplate\":\"https:\\\/\\\/gg3.eu\\\/en\\\/?s={search_term_string}\"},\"query-input\":{\"@type\":\"PropertyValueSpecification\",\"valueRequired\":true,\"valueName\":\"search_term_string\"}}],\"inLanguage\":\"en-US\"}]}<\/script>\n<!-- \/ Yoast SEO plugin. -->","yoast_head_json":{"title":"Group Global 3000 on RE-SPACE","description":"Group Global 3000 exhibits its space model on RE-SPACE, Vernissage: 12.9.2019, 7 pm, c\/o KUNSTPUNKT BERLIN, Schlegelstra\u00dfe 6, 10115 Berlin.","robots":{"index":"index","follow":"follow","max-snippet":"max-snippet:-1","max-image-preview":"max-image-preview:large","max-video-preview":"max-video-preview:-1"},"canonical":"https:\/\/gg3.eu\/en\/group-global-3000-on-re-space\/","og_locale":"en_US","og_type":"article","og_title":"Group Global 3000 on RE-SPACE","og_description":"Group Global 3000 exhibits its space model on RE-SPACE, Vernissage: 12.9.2019, 7 pm, c\/o KUNSTPUNKT BERLIN, Schlegelstra\u00dfe 6, 10115 Berlin.","og_url":"https:\/\/gg3.eu\/en\/group-global-3000-on-re-space\/","og_site_name":"Galerie f\u00fcr nachhaltige Kunst in Berlin","article_publisher":"https:\/\/www.facebook.com\/GroupGlobal3000\/","article_modified_time":"2022-09-11T12:04:48+00:00","og_image":[{"url":"https:\/\/gg3.eu\/wp-content\/uploads\/2019\/09\/modell-gg-4w-768x1024.jpg","type":"","width":"","height":""}],"twitter_card":"summary_large_image","twitter_misc":{"Est. reading time":"2 minutes"},"schema":{"@context":"https:\/\/schema.org","@graph":[{"@type":"WebPage","@id":"https:\/\/gg3.eu\/en\/group-global-3000-on-re-space\/","url":"https:\/\/gg3.eu\/en\/group-global-3000-on-re-space\/","name":"Group Global 3000 on RE-SPACE","isPartOf":{"@id":"https:\/\/gg3.eu\/en\/#website"},"primaryImageOfPage":{"@id":"https:\/\/gg3.eu\/en\/group-global-3000-on-re-space\/#primaryimage"},"image":{"@id":"https:\/\/gg3.eu\/en\/group-global-3000-on-re-space\/#primaryimage"},"thumbnailUrl":"https:\/\/gg3.eu\/wp-content\/uploads\/2019\/09\/modell-gg-4w-768x1024.jpg","datePublished":"2019-10-26T07:10:13+00:00","dateModified":"2022-09-11T12:04:48+00:00","description":"Group Global 3000 exhibits its space model on RE-SPACE, Vernissage: 12.9.2019, 7 pm, c\/o KUNSTPUNKT BERLIN, Schlegelstra\u00dfe 6, 10115 Berlin.","breadcrumb":{"@id":"https:\/\/gg3.eu\/en\/group-global-3000-on-re-space\/#breadcrumb"},"inLanguage":"en-US","potentialAction":[{"@type":"ReadAction","target":["https:\/\/gg3.eu\/en\/group-global-3000-on-re-space\/"]}]},{"@type":"ImageObject","inLanguage":"en-US","@id":"https:\/\/gg3.eu\/en\/group-global-3000-on-re-space\/#primaryimage","url":"https:\/\/gg3.eu\/wp-content\/uploads\/2019\/09\/modell-gg-4w-768x1024.jpg","contentUrl":"https:\/\/gg3.eu\/wp-content\/uploads\/2019\/09\/modell-gg-4w-768x1024.jpg"},{"@type":"BreadcrumbList","@id":"https:\/\/gg3.eu\/en\/group-global-3000-on-re-space\/#breadcrumb","itemListElement":[{"@type":"ListItem","position":1,"name":"Startseite","item":"https:\/\/gg3.eu\/en\/"},{"@type":"ListItem","position":2,"name":"Group Global 3000 on RE-SPACE"}]},{"@type":"WebSite","@id":"https:\/\/gg3.eu\/en\/#website","url":"https:\/\/gg3.eu\/en\/","name":"Galerie f\u00fcr nachhaltige Kunst in Berlin","description":"","potentialAction":[{"@type":"SearchAction","target":{"@type":"EntryPoint","urlTemplate":"https:\/\/gg3.eu\/en\/?s={search_term_string}"},"query-input":{"@type":"PropertyValueSpecification","valueRequired":true,"valueName":"search_term_string"}}],"inLanguage":"en-US"}]}},"_links":{"self":[{"href":"https:\/\/gg3.eu\/en\/wp-json\/wp\/v2\/pages\/9569","targetHints":{"allow":["GET"]}}],"collection":[{"href":"https:\/\/gg3.eu\/en\/wp-json\/wp\/v2\/pages"}],"about":[{"href":"https:\/\/gg3.eu\/en\/wp-json\/wp\/v2\/types\/page"}],"author":[{"embeddable":true,"href":"https:\/\/gg3.eu\/en\/wp-json\/wp\/v2\/users\/5"}],"replies":[{"embeddable":true,"href":"https:\/\/gg3.eu\/en\/wp-json\/wp\/v2\/comments?post=9569"}],"version-history":[{"count":0,"href":"https:\/\/gg3.eu\/en\/wp-json\/wp\/v2\/pages\/9569\/revisions"}],"wp:attachment":[{"href":"https:\/\/gg3.eu\/en\/wp-json\/wp\/v2\/media?parent=9569"}],"wp:term":[{"taxonomy":"post_tag","embeddable":true,"href":"https:\/\/gg3.eu\/en\/wp-json\/wp\/v2\/tags?post=9569"}],"curies":[{"name":"wp","href":"https:\/\/api.w.org\/{rel}","templated":true}]}}

<p>Group Global 3000 on RE-SPACE</p>
<p>Commissioned by Group Global 3000, Tom Albrecht made an artistic model of the project space with gallery. The <strong>network of free Berlin project spaces and initiatives</strong> shows this in an exhibition:</p>
<p><strong>RE-SPACE </strong><strong>/</strong> Take Back the Space<strong><br />
</strong> 10 Years Network of Independent Berlin Project Spaces and Initiatives <strong></p>
<p>  <em>RE-SPACE / Take Back the Space<br />
10 Years Network of Independent Berlin Project Spaces and Initiatives</em></p>
<p></strong>c/o KUNSTPUNKT BERLIN, Schlegelstraße 6, 10115 Berlin<br />
Vernissage: 12.9.2019, 7 pm / <em>7</em> pm<br />
Performance: Sergey Kasich &#8220;FingerRing technique (FrR)  [Singuhr]
Ausstellung / Exhibition: 13.9.-13.10.2019<br />
Opening hours: 9/13-15/2019, 1-7 p.m. / 9/19-13/10/2019, 3-7 p.m.</p>
<div id="attachment_9394" style="width: 650px" class="wp-caption alignright"><a href="https://gg3.eu/wp-content/uploads/2019/09/modell-gg-4w.jpg" data-rel="lightbox-image-0" data-magnific_type="image" data-rl_title="" data-rl_caption=""><img loading="lazy" decoding="async" aria-describedby="caption-attachment-9394" class="wp-image-9394 size-large" title="" src="https://gg3.eu/wp-content/uploads/2019/09/modell-gg-4w-768x1024.jpg" alt="Artistic model of the exhibition space Group Global 3000. (C) Tom Albrecht Group Global 3000 on RE-SPACE" width="640" height="853" srcset="https://gg3.eu/wp-content/uploads/2019/09/modell-gg-4w.jpg 768w, https://gg3.eu/wp-content/uploads/2019/09/modell-gg-4w-225x300.jpg 225w" sizes="auto, (max-width: 640px) 100vw, 640px" /></a><p id="caption-attachment-9394" class="wp-caption-text">Artist&#8217;s model of the exhibition space Group Global 3000. (C) Tom Albrecht</p></div>
<p>Cordula Prieser, Reto Pulfer and Dreams of Art Spaces Collected, an artistic research project by Dorothee Albrecht, (Alf Löhr,) Andreas Schmid and Moira Zoitl for the International Society of Fine Arts (IGBK), as well as &#8220;10 Years Network&#8221; (archive).</p>
<p><strong><em> Involved</em> Projekt Spaces und<em> -initiatives</em>/<em> Involved Project Spaces and Initiatives</em>:<br />
</strong>A TRANS, Axel Obiger, BERLIN-WEEKLY, Camping Akademie e.V., Changing Room, Copyright, Frauenmuseum, Group Global 3000, HilbertRaum, hunger :: Offensive für Denkbilder und Kommunikation, mp43- projektraum für das periphere, oqbo &#8211; raum für bild wort und ton, Scharaun, SCOTTY, Spinner &amp; Weber, Spor Klübü, Studio Baustelle, superbien!, Untergrundmuseum U144, when the image is new the world is new.</p>
<p>The exhibition on the theme &#8220;<strong>re-space</strong> &#8211; reclaiming space&#8221; shows artistic productions and tries to build a bridge, to trace the past, to present the current situation and to develop visions for our freedoms in the future. It is about a counter-movement that preserves the diversity of our scene, as well as about the question of the necessity and the possibilities of self-determination of art and its visualization in the city today.</p>
<p><a href="http://www.projektraeume-berlin.net/re-space/">More information</a></p>
<p><em>The exhibition <strong>re-space &#8211; Take back the Space</strong> attempts to draw an arc back and trace history, to present the current situation, and to develop visions of our artistic freedom in the future. It is about a backlash that the plurality of our scene has come to, as well as the fundamental questions of the possibility and necessity of the autonomy of art and how it is displayed in the city today.</em></p>

<!-- This site is optimized with the Yoast SEO plugin v27.5 - https://yoast.com/product/yoast-seo-wordpress/ -->
<title>Group Global 3000 on RE-SPACE</title>
<meta name="description" content="Group Global 3000 exhibits its space model on RE-SPACE, Vernissage: 12.9.2019, 7 pm, c/o KUNSTPUNKT BERLIN, Schlegelstraße 6, 10115 Berlin." />
<meta name="robots" content="index, follow, max-snippet:-1, max-image-preview:large, max-video-preview:-1" />
<link rel="canonical" href="https://gg3.eu/en/group-global-3000-on-re-space/" />
<meta property="og:locale" content="en_US" />
<meta property="og:type" content="article" />
<meta property="og:title" content="Group Global 3000 on RE-SPACE" />
<meta property="og:description" content="Group Global 3000 exhibits its space model on RE-SPACE, Vernissage: 12.9.2019, 7 pm, c/o KUNSTPUNKT BERLIN, Schlegelstraße 6, 10115 Berlin." />
<meta property="og:url" content="https://gg3.eu/en/group-global-3000-on-re-space/" />
<meta property="og:site_name" content="Galerie für nachhaltige Kunst in Berlin" />
<meta property="article:publisher" content="https://www.facebook.com/GroupGlobal3000/" />
<meta property="article:modified_time" content="2022-09-11T12:04:48+00:00" />
<meta property="og:image" content="https://gg3.eu/wp-content/uploads/2019/09/modell-gg-4w-768x1024.jpg" />
<meta name="twitter:card" content="summary_large_image" />
<meta name="twitter:label1" content="Est. reading time" />
	<meta name="twitter:data1" content="2 minutes" />
<script type="application/ld+json" class="yoast-schema-graph">{"@context":"https:\/\/schema.org","@graph":[{"@type":"WebPage","@id":"https:\/\/gg3.eu\/en\/group-global-3000-on-re-space\/","url":"https:\/\/gg3.eu\/en\/group-global-3000-on-re-space\/","name":"Group Global 3000 on RE-SPACE","isPartOf":{"@id":"https:\/\/gg3.eu\/en\/#website"},"primaryImageOfPage":{"@id":"https:\/\/gg3.eu\/en\/group-global-3000-on-re-space\/#primaryimage"},"image":{"@id":"https:\/\/gg3.eu\/en\/group-global-3000-on-re-space\/#primaryimage"},"thumbnailUrl":"https:\/\/gg3.eu\/wp-content\/uploads\/2019\/09\/modell-gg-4w-768x1024.jpg","datePublished":"2019-10-26T07:10:13+00:00","dateModified":"2022-09-11T12:04:48+00:00","description":"Group Global 3000 exhibits its space model on RE-SPACE, Vernissage: 12.9.2019, 7 pm, c\/o KUNSTPUNKT BERLIN, Schlegelstraße 6, 10115 Berlin.","breadcrumb":{"@id":"https:\/\/gg3.eu\/en\/group-global-3000-on-re-space\/#breadcrumb"},"inLanguage":"en-US","potentialAction":[{"@type":"ReadAction","target":["https:\/\/gg3.eu\/en\/group-global-3000-on-re-space\/"]}]},{"@type":"ImageObject","inLanguage":"en-US","@id":"https:\/\/gg3.eu\/en\/group-global-3000-on-re-space\/#primaryimage","url":"https:\/\/gg3.eu\/wp-content\/uploads\/2019\/09\/modell-gg-4w-768x1024.jpg","contentUrl":"https:\/\/gg3.eu\/wp-content\/uploads\/2019\/09\/modell-gg-4w-768x1024.jpg"},{"@type":"BreadcrumbList","@id":"https:\/\/gg3.eu\/en\/group-global-3000-on-re-space\/#breadcrumb","itemListElement":[{"@type":"ListItem","position":1,"name":"Startseite","item":"https:\/\/gg3.eu\/en\/"},{"@type":"ListItem","position":2,"name":"Group Global 3000 on RE-SPACE"}]},{"@type":"WebSite","@id":"https:\/\/gg3.eu\/en\/#website","url":"https:\/\/gg3.eu\/en\/","name":"Galerie für nachhaltige Kunst in Berlin","description":"","potentialAction":[{"@type":"SearchAction","target":{"@type":"EntryPoint","urlTemplate":"https:\/\/gg3.eu\/en\/?s={search_term_string}"},"query-input":{"@type":"PropertyValueSpecification","valueRequired":true,"valueName":"search_term_string"}}],"inLanguage":"en-US"}]}</script>
<!-- / Yoast SEO plugin. -->

Group Global 3000 exhibits its space model on RE-SPACE, Vernissage: 12.9.2019, 7 pm, c/o KUNSTPUNKT BERLIN, Schlegelstraße 6, 10115 Berlin.

Galerie für nachhaltige Kunst in Berlin
