{"id":25491,"date":"2023-06-13T17:05:40","date_gmt":"2023-06-13T15:05:40","guid":{"rendered":"https:\/\/gg3.eu\/what-does-the-good-life-mean-in-our-world-today\/"},"modified":"2023-06-27T16:20:00","modified_gmt":"2023-06-27T14:20:00","slug":"what-does-the-good-life-mean-in-our-world-today","status":"publish","type":"page","link":"https:\/\/gg3.eu\/en\/what-does-the-good-life-mean-in-our-world-today\/","title":{"rendered":"What does &#8220;The Good Life&#8221; mean in our world today?"},"content":{"rendered":"<div id=\"attachment_25492\" style=\"width: 1034px\" class=\"wp-caption alignnone\"><a href=\"https:\/\/gg3.eu\/wp-content\/uploads\/2023\/06\/DSC00981-scaled.jpg\" data-rel=\"lightbox-image-0\" data-magnific_type=\"image\" data-rl_title=\"\u015eehnaz Lay\u0131kel Prange: &quot;Was bedeutet das Gute Leben?&quot;\" data-rl_caption=\"\u015eehnaz Lay\u0131kel Prange: &quot;Was bedeutet das Gute Leben?&quot;\"><img loading=\"lazy\" decoding=\"async\" aria-describedby=\"caption-attachment-25492\" class=\"wp-image-25492 size-full\" title=\"\u015eehnaz Lay\u0131kel Prange: &quot;Was bedeutet das Gute Leben?&quot;\"The Good Life\" mean in our world today? Photo (C) TA\" src=\"https:\/\/gg3.eu\/wp-content\/uploads\/2023\/06\/DSC00981-scaled.jpg\" alt=\"\u015eehnaz Lay\u0131kel Prange: What does \"The Good Life\" mean in our world today? Photo (C) TA\" width=\"1024\" height=\"683\" srcset=\"https:\/\/gg3.eu\/wp-content\/uploads\/2023\/06\/DSC00981-scaled.jpg 1024w, https:\/\/gg3.eu\/wp-content\/uploads\/2023\/06\/DSC00981-300x200.jpg 300w, https:\/\/gg3.eu\/wp-content\/uploads\/2023\/06\/DSC00981-768x512.jpg 768w, https:\/\/gg3.eu\/wp-content\/uploads\/2023\/06\/DSC00981-1536x1024.jpg 1536w, https:\/\/gg3.eu\/wp-content\/uploads\/2023\/06\/DSC00981-2048x1365.jpg 2048w, https:\/\/gg3.eu\/wp-content\/uploads\/2023\/06\/DSC00981-766x511.jpg 766w\" sizes=\"auto, (max-width: 1024px) 100vw, 1024px\" \/><\/a><p id=\"caption-attachment-25492\" class=\"wp-caption-text\">\u015eehnaz Lay\u0131kel Prange: What does &#8220;The Good Life&#8221; mean in our world today? Photo (C) TA<\/p><\/div>\n<p>What does &#8220;The Good Life&#8221; mean in our world today? The title itself contains in itself that we are looking for something different. This is followed by the questions: Is &#8220;The Good Life&#8221; an imaginary utopia or is it a realistic possibility? Is the consideration of this term alone sufficient? How do notions of a &#8220;Good Life&#8221; relate to their attempts at implementation? Is &#8220;The Good Life&#8221; Really One &#8220;Good Life&#8221;<br \/>\nor should we speak of a good life in the plural? Perhaps these are the questions that resonate with our great need, on multiple levels, in this time of turbulence and existential angst.<\/p>\n<p>&#8220;The Good Life&#8221; is a group exhibition based on six artistic positions: <b><br \/>\n<\/b><a href=\"https:\/\/www.tomalbrechtart.de\/\">Tom Albrecht<\/a>, <a href=\"https:\/\/www.thomas-behling.de\">Thomas Behling<\/a>, <a href=\"https:\/\/lioba-vddriesch.de\/\">Lioba von den Driesch<\/a>, <a href=\"https:\/\/gottwick.de\">Mariel Gottwick<\/a>, <a href=\"http:\/\/stephangross.net\/\">Stephan Gro\u00df<\/a>, <a href=\"https:\/\/www.mariakorporal.com\/\">Maria Korporal<\/a>.<\/p>\n<p>In this exhibition, each artist interprets the concept of &#8220;good life&#8221; from a different perspective. Referring to different contents of a &#8220;Good Life&#8221;, ranging from feelings to ecology, the artists* simultaneously propose and question individual and collective solutions. In other words, they challenge existing trends and existing methods of healing, while at the same time proposing new ways of perceiving and dealing with problems in today&#8217;s world.<\/p>\n<p>Through its multimedia nature, the exhibition appeals to all the senses. One encounters playful interventions as well as solution-oriented proposals in various forms, such as object, image, audio, installation and video.<\/p>\n<p>In the context of the exhibition, various events will take place in which experts and the artists will discuss the topic from different perspectives together with the guests and work on it in a workshop.<\/p>\n<p>Text: \u015eehnaz Lay\u0131kel Prange, Berlin, 2023<\/p>\n","protected":false},"excerpt":{"rendered":"<p>What does &#8220;The Good Life&#8221; mean in our world today? The title itself contains in itself that we are looking for something different. This is followed by the questions: Is &#8220;The Good Life&#8221; an imaginary utopia or is it a realistic possibility? Is the consideration of this term alone sufficient? How do notions of a [&hellip;]<\/p>\n","protected":false},"author":5,"featured_media":0,"parent":0,"menu_order":0,"comment_status":"open","ping_status":"closed","template":"","meta":{"footnotes":""},"tags":[],"class_list":["post-25491","page","type-page","status-publish","hentry"],"yoast_head":"<!-- This site is optimized with the Yoast SEO plugin v27.4 - https:\/\/yoast.com\/product\/yoast-seo-wordpress\/ -->\n<title>What does &quot;The Good Life&quot; mean in our world today? | Galerie f\u00fcr nachhaltige Kunst in Berlin<\/title>\n<meta name=\"description\" content=\"\u015eehnaz Lay\u0131kel Prange:: What does &quot;The Good Life&quot; mean in our world today?\" \/>\n<meta name=\"robots\" content=\"index, follow, max-snippet:-1, max-image-preview:large, max-video-preview:-1\" \/>\n<link rel=\"canonical\" href=\"https:\/\/gg3.eu\/en\/what-does-the-good-life-mean-in-our-world-today\/\" \/>\n<meta property=\"og:locale\" content=\"en_US\" \/>\n<meta property=\"og:type\" content=\"article\" \/>\n<meta property=\"og:title\" content=\"What does &quot;The Good Life&quot; mean in our world today? | Galerie f\u00fcr nachhaltige Kunst in Berlin\" \/>\n<meta property=\"og:description\" content=\"\u015eehnaz Lay\u0131kel Prange:: What does &quot;The Good Life&quot; mean in our world today?\" \/>\n<meta property=\"og:url\" content=\"https:\/\/gg3.eu\/en\/what-does-the-good-life-mean-in-our-world-today\/\" \/>\n<meta property=\"og:site_name\" content=\"Galerie f\u00fcr nachhaltige Kunst in Berlin\" \/>\n<meta property=\"article:publisher\" content=\"https:\/\/www.facebook.com\/GroupGlobal3000\/\" \/>\n<meta property=\"article:modified_time\" content=\"2023-06-27T14:20:00+00:00\" \/>\n<meta property=\"og:image\" content=\"https:\/\/gg3.eu\/wp-content\/uploads\/2023\/06\/DSC00981-scaled.jpg\" \/>\n<meta name=\"twitter:card\" content=\"summary_large_image\" \/>\n<meta name=\"twitter:label1\" content=\"Est. reading time\" \/>\n\t<meta name=\"twitter:data1\" content=\"1 minute\" \/>\n<script type=\"application\/ld+json\" class=\"yoast-schema-graph\">{\"@context\":\"https:\\\/\\\/schema.org\",\"@graph\":[{\"@type\":\"WebPage\",\"@id\":\"https:\\\/\\\/gg3.eu\\\/en\\\/what-does-the-good-life-mean-in-our-world-today\\\/\",\"url\":\"https:\\\/\\\/gg3.eu\\\/en\\\/what-does-the-good-life-mean-in-our-world-today\\\/\",\"name\":\"What does \\\"The Good Life\\\" mean in our world today? | Galerie f\u00fcr nachhaltige Kunst in Berlin\",\"isPartOf\":{\"@id\":\"https:\\\/\\\/gg3.eu\\\/en\\\/#website\"},\"primaryImageOfPage\":{\"@id\":\"https:\\\/\\\/gg3.eu\\\/en\\\/what-does-the-good-life-mean-in-our-world-today\\\/#primaryimage\"},\"image\":{\"@id\":\"https:\\\/\\\/gg3.eu\\\/en\\\/what-does-the-good-life-mean-in-our-world-today\\\/#primaryimage\"},\"thumbnailUrl\":\"https:\\\/\\\/gg3.eu\\\/wp-content\\\/uploads\\\/2023\\\/06\\\/DSC00981-scaled.jpg\",\"datePublished\":\"2023-06-13T15:05:40+00:00\",\"dateModified\":\"2023-06-27T14:20:00+00:00\",\"description\":\"\u015eehnaz Lay\u0131kel Prange:: What does \\\"The Good Life\\\" mean in our world today?\",\"breadcrumb\":{\"@id\":\"https:\\\/\\\/gg3.eu\\\/en\\\/what-does-the-good-life-mean-in-our-world-today\\\/#breadcrumb\"},\"inLanguage\":\"en-US\",\"potentialAction\":[{\"@type\":\"ReadAction\",\"target\":[\"https:\\\/\\\/gg3.eu\\\/en\\\/what-does-the-good-life-mean-in-our-world-today\\\/\"]}]},{\"@type\":\"ImageObject\",\"inLanguage\":\"en-US\",\"@id\":\"https:\\\/\\\/gg3.eu\\\/en\\\/what-does-the-good-life-mean-in-our-world-today\\\/#primaryimage\",\"url\":\"https:\\\/\\\/gg3.eu\\\/wp-content\\\/uploads\\\/2023\\\/06\\\/DSC00981-scaled.jpg\",\"contentUrl\":\"https:\\\/\\\/gg3.eu\\\/wp-content\\\/uploads\\\/2023\\\/06\\\/DSC00981-scaled.jpg\"},{\"@type\":\"BreadcrumbList\",\"@id\":\"https:\\\/\\\/gg3.eu\\\/en\\\/what-does-the-good-life-mean-in-our-world-today\\\/#breadcrumb\",\"itemListElement\":[{\"@type\":\"ListItem\",\"position\":1,\"name\":\"Startseite\",\"item\":\"https:\\\/\\\/gg3.eu\\\/en\\\/\"},{\"@type\":\"ListItem\",\"position\":2,\"name\":\"What does &#8220;The Good Life&#8221; mean in our world today?\"}]},{\"@type\":\"WebSite\",\"@id\":\"https:\\\/\\\/gg3.eu\\\/en\\\/#website\",\"url\":\"https:\\\/\\\/gg3.eu\\\/en\\\/\",\"name\":\"Galerie f\u00fcr nachhaltige Kunst in Berlin\",\"description\":\"\",\"potentialAction\":[{\"@type\":\"SearchAction\",\"target\":{\"@type\":\"EntryPoint\",\"urlTemplate\":\"https:\\\/\\\/gg3.eu\\\/en\\\/?s={search_term_string}\"},\"query-input\":{\"@type\":\"PropertyValueSpecification\",\"valueRequired\":true,\"valueName\":\"search_term_string\"}}],\"inLanguage\":\"en-US\"}]}<\/script>\n<!-- \/ Yoast SEO plugin. -->","yoast_head_json":{"title":"What does \"The Good Life\" mean in our world today? | Galerie f\u00fcr nachhaltige Kunst in Berlin","description":"\u015eehnaz Lay\u0131kel Prange:: What does \"The Good Life\" mean in our world today?","robots":{"index":"index","follow":"follow","max-snippet":"max-snippet:-1","max-image-preview":"max-image-preview:large","max-video-preview":"max-video-preview:-1"},"canonical":"https:\/\/gg3.eu\/en\/what-does-the-good-life-mean-in-our-world-today\/","og_locale":"en_US","og_type":"article","og_title":"What does \"The Good Life\" mean in our world today? | Galerie f\u00fcr nachhaltige Kunst in Berlin","og_description":"\u015eehnaz Lay\u0131kel Prange:: What does \"The Good Life\" mean in our world today?","og_url":"https:\/\/gg3.eu\/en\/what-does-the-good-life-mean-in-our-world-today\/","og_site_name":"Galerie f\u00fcr nachhaltige Kunst in Berlin","article_publisher":"https:\/\/www.facebook.com\/GroupGlobal3000\/","article_modified_time":"2023-06-27T14:20:00+00:00","og_image":[{"url":"https:\/\/gg3.eu\/wp-content\/uploads\/2023\/06\/DSC00981-scaled.jpg","type":"","width":"","height":""}],"twitter_card":"summary_large_image","twitter_misc":{"Est. reading time":"1 minute"},"schema":{"@context":"https:\/\/schema.org","@graph":[{"@type":"WebPage","@id":"https:\/\/gg3.eu\/en\/what-does-the-good-life-mean-in-our-world-today\/","url":"https:\/\/gg3.eu\/en\/what-does-the-good-life-mean-in-our-world-today\/","name":"What does \"The Good Life\" mean in our world today? | Galerie f\u00fcr nachhaltige Kunst in Berlin","isPartOf":{"@id":"https:\/\/gg3.eu\/en\/#website"},"primaryImageOfPage":{"@id":"https:\/\/gg3.eu\/en\/what-does-the-good-life-mean-in-our-world-today\/#primaryimage"},"image":{"@id":"https:\/\/gg3.eu\/en\/what-does-the-good-life-mean-in-our-world-today\/#primaryimage"},"thumbnailUrl":"https:\/\/gg3.eu\/wp-content\/uploads\/2023\/06\/DSC00981-scaled.jpg","datePublished":"2023-06-13T15:05:40+00:00","dateModified":"2023-06-27T14:20:00+00:00","description":"\u015eehnaz Lay\u0131kel Prange:: What does \"The Good Life\" mean in our world today?","breadcrumb":{"@id":"https:\/\/gg3.eu\/en\/what-does-the-good-life-mean-in-our-world-today\/#breadcrumb"},"inLanguage":"en-US","potentialAction":[{"@type":"ReadAction","target":["https:\/\/gg3.eu\/en\/what-does-the-good-life-mean-in-our-world-today\/"]}]},{"@type":"ImageObject","inLanguage":"en-US","@id":"https:\/\/gg3.eu\/en\/what-does-the-good-life-mean-in-our-world-today\/#primaryimage","url":"https:\/\/gg3.eu\/wp-content\/uploads\/2023\/06\/DSC00981-scaled.jpg","contentUrl":"https:\/\/gg3.eu\/wp-content\/uploads\/2023\/06\/DSC00981-scaled.jpg"},{"@type":"BreadcrumbList","@id":"https:\/\/gg3.eu\/en\/what-does-the-good-life-mean-in-our-world-today\/#breadcrumb","itemListElement":[{"@type":"ListItem","position":1,"name":"Startseite","item":"https:\/\/gg3.eu\/en\/"},{"@type":"ListItem","position":2,"name":"What does &#8220;The Good Life&#8221; mean in our world today?"}]},{"@type":"WebSite","@id":"https:\/\/gg3.eu\/en\/#website","url":"https:\/\/gg3.eu\/en\/","name":"Galerie f\u00fcr nachhaltige Kunst in Berlin","description":"","potentialAction":[{"@type":"SearchAction","target":{"@type":"EntryPoint","urlTemplate":"https:\/\/gg3.eu\/en\/?s={search_term_string}"},"query-input":{"@type":"PropertyValueSpecification","valueRequired":true,"valueName":"search_term_string"}}],"inLanguage":"en-US"}]}},"_links":{"self":[{"href":"https:\/\/gg3.eu\/en\/wp-json\/wp\/v2\/pages\/25491","targetHints":{"allow":["GET"]}}],"collection":[{"href":"https:\/\/gg3.eu\/en\/wp-json\/wp\/v2\/pages"}],"about":[{"href":"https:\/\/gg3.eu\/en\/wp-json\/wp\/v2\/types\/page"}],"author":[{"embeddable":true,"href":"https:\/\/gg3.eu\/en\/wp-json\/wp\/v2\/users\/5"}],"replies":[{"embeddable":true,"href":"https:\/\/gg3.eu\/en\/wp-json\/wp\/v2\/comments?post=25491"}],"version-history":[{"count":0,"href":"https:\/\/gg3.eu\/en\/wp-json\/wp\/v2\/pages\/25491\/revisions"}],"wp:attachment":[{"href":"https:\/\/gg3.eu\/en\/wp-json\/wp\/v2\/media?parent=25491"}],"wp:term":[{"taxonomy":"post_tag","embeddable":true,"href":"https:\/\/gg3.eu\/en\/wp-json\/wp\/v2\/tags?post=25491"}],"curies":[{"name":"wp","href":"https:\/\/api.w.org\/{rel}","templated":true}]}}

<div id="attachment_25492" style="width: 1034px" class="wp-caption alignnone"><a href="https://gg3.eu/wp-content/uploads/2023/06/DSC00981-scaled.jpg" data-rel="lightbox-image-0" data-magnific_type="image" data-rl_title="Şehnaz Layıkel Prange: &quot;Was bedeutet das Gute Leben?&quot;" data-rl_caption="Şehnaz Layıkel Prange: &quot;Was bedeutet das Gute Leben?&quot;"><img loading="lazy" decoding="async" aria-describedby="caption-attachment-25492" class="wp-image-25492 size-full" title="Şehnaz Layıkel Prange: &quot;Was bedeutet das Gute Leben?&quot;"The Good Life" mean in our world today? Photo (C) TA" src="https://gg3.eu/wp-content/uploads/2023/06/DSC00981-scaled.jpg" alt="Şehnaz Layıkel Prange: What does "The Good Life" mean in our world today? Photo (C) TA" width="1024" height="683" srcset="https://gg3.eu/wp-content/uploads/2023/06/DSC00981-scaled.jpg 1024w, https://gg3.eu/wp-content/uploads/2023/06/DSC00981-300x200.jpg 300w, https://gg3.eu/wp-content/uploads/2023/06/DSC00981-768x512.jpg 768w, https://gg3.eu/wp-content/uploads/2023/06/DSC00981-1536x1024.jpg 1536w, https://gg3.eu/wp-content/uploads/2023/06/DSC00981-2048x1365.jpg 2048w, https://gg3.eu/wp-content/uploads/2023/06/DSC00981-766x511.jpg 766w" sizes="auto, (max-width: 1024px) 100vw, 1024px" /></a><p id="caption-attachment-25492" class="wp-caption-text">Şehnaz Layıkel Prange: What does &#8220;The Good Life&#8221; mean in our world today? Photo (C) TA</p></div>
<p>What does &#8220;The Good Life&#8221; mean in our world today? The title itself contains in itself that we are looking for something different. This is followed by the questions: Is &#8220;The Good Life&#8221; an imaginary utopia or is it a realistic possibility? Is the consideration of this term alone sufficient? How do notions of a &#8220;Good Life&#8221; relate to their attempts at implementation? Is &#8220;The Good Life&#8221; Really One &#8220;Good Life&#8221;<br />
or should we speak of a good life in the plural? Perhaps these are the questions that resonate with our great need, on multiple levels, in this time of turbulence and existential angst.</p>
<p>&#8220;The Good Life&#8221; is a group exhibition based on six artistic positions: <b><br />
</b><a href="https://www.tomalbrechtart.de/">Tom Albrecht</a>, <a href="https://www.thomas-behling.de">Thomas Behling</a>, <a href="https://lioba-vddriesch.de/">Lioba von den Driesch</a>, <a href="https://gottwick.de">Mariel Gottwick</a>, <a href="http://stephangross.net/">Stephan Groß</a>, <a href="https://www.mariakorporal.com/">Maria Korporal</a>.</p>
<p>In this exhibition, each artist interprets the concept of &#8220;good life&#8221; from a different perspective. Referring to different contents of a &#8220;Good Life&#8221;, ranging from feelings to ecology, the artists* simultaneously propose and question individual and collective solutions. In other words, they challenge existing trends and existing methods of healing, while at the same time proposing new ways of perceiving and dealing with problems in today&#8217;s world.</p>
<p>Through its multimedia nature, the exhibition appeals to all the senses. One encounters playful interventions as well as solution-oriented proposals in various forms, such as object, image, audio, installation and video.</p>
<p>In the context of the exhibition, various events will take place in which experts and the artists will discuss the topic from different perspectives together with the guests and work on it in a workshop.</p>
<p>Text: Şehnaz Layıkel Prange, Berlin, 2023</p>

<!-- This site is optimized with the Yoast SEO plugin v27.4 - https://yoast.com/product/yoast-seo-wordpress/ -->
<title>What does &quot;The Good Life&quot; mean in our world today? | Galerie für nachhaltige Kunst in Berlin</title>
<meta name="description" content="Şehnaz Layıkel Prange:: What does &quot;The Good Life&quot; mean in our world today?" />
<meta name="robots" content="index, follow, max-snippet:-1, max-image-preview:large, max-video-preview:-1" />
<link rel="canonical" href="https://gg3.eu/en/what-does-the-good-life-mean-in-our-world-today/" />
<meta property="og:locale" content="en_US" />
<meta property="og:type" content="article" />
<meta property="og:title" content="What does &quot;The Good Life&quot; mean in our world today? | Galerie für nachhaltige Kunst in Berlin" />
<meta property="og:description" content="Şehnaz Layıkel Prange:: What does &quot;The Good Life&quot; mean in our world today?" />
<meta property="og:url" content="https://gg3.eu/en/what-does-the-good-life-mean-in-our-world-today/" />
<meta property="og:site_name" content="Galerie für nachhaltige Kunst in Berlin" />
<meta property="article:publisher" content="https://www.facebook.com/GroupGlobal3000/" />
<meta property="article:modified_time" content="2023-06-27T14:20:00+00:00" />
<meta property="og:image" content="https://gg3.eu/wp-content/uploads/2023/06/DSC00981-scaled.jpg" />
<meta name="twitter:card" content="summary_large_image" />
<meta name="twitter:label1" content="Est. reading time" />
	<meta name="twitter:data1" content="1 minute" />
<script type="application/ld+json" class="yoast-schema-graph">{"@context":"https:\/\/schema.org","@graph":[{"@type":"WebPage","@id":"https:\/\/gg3.eu\/en\/what-does-the-good-life-mean-in-our-world-today\/","url":"https:\/\/gg3.eu\/en\/what-does-the-good-life-mean-in-our-world-today\/","name":"What does \"The Good Life\" mean in our world today? | Galerie für nachhaltige Kunst in Berlin","isPartOf":{"@id":"https:\/\/gg3.eu\/en\/#website"},"primaryImageOfPage":{"@id":"https:\/\/gg3.eu\/en\/what-does-the-good-life-mean-in-our-world-today\/#primaryimage"},"image":{"@id":"https:\/\/gg3.eu\/en\/what-does-the-good-life-mean-in-our-world-today\/#primaryimage"},"thumbnailUrl":"https:\/\/gg3.eu\/wp-content\/uploads\/2023\/06\/DSC00981-scaled.jpg","datePublished":"2023-06-13T15:05:40+00:00","dateModified":"2023-06-27T14:20:00+00:00","description":"Şehnaz Layıkel Prange:: What does \"The Good Life\" mean in our world today?","breadcrumb":{"@id":"https:\/\/gg3.eu\/en\/what-does-the-good-life-mean-in-our-world-today\/#breadcrumb"},"inLanguage":"en-US","potentialAction":[{"@type":"ReadAction","target":["https:\/\/gg3.eu\/en\/what-does-the-good-life-mean-in-our-world-today\/"]}]},{"@type":"ImageObject","inLanguage":"en-US","@id":"https:\/\/gg3.eu\/en\/what-does-the-good-life-mean-in-our-world-today\/#primaryimage","url":"https:\/\/gg3.eu\/wp-content\/uploads\/2023\/06\/DSC00981-scaled.jpg","contentUrl":"https:\/\/gg3.eu\/wp-content\/uploads\/2023\/06\/DSC00981-scaled.jpg"},{"@type":"BreadcrumbList","@id":"https:\/\/gg3.eu\/en\/what-does-the-good-life-mean-in-our-world-today\/#breadcrumb","itemListElement":[{"@type":"ListItem","position":1,"name":"Startseite","item":"https:\/\/gg3.eu\/en\/"},{"@type":"ListItem","position":2,"name":"What does &#8220;The Good Life&#8221; mean in our world today?"}]},{"@type":"WebSite","@id":"https:\/\/gg3.eu\/en\/#website","url":"https:\/\/gg3.eu\/en\/","name":"Galerie für nachhaltige Kunst in Berlin","description":"","potentialAction":[{"@type":"SearchAction","target":{"@type":"EntryPoint","urlTemplate":"https:\/\/gg3.eu\/en\/?s={search_term_string}"},"query-input":{"@type":"PropertyValueSpecification","valueRequired":true,"valueName":"search_term_string"}}],"inLanguage":"en-US"}]}</script>
<!-- / Yoast SEO plugin. -->

What does "The Good Life" mean in our world today? | Galerie für nachhaltige Kunst in Berlin

Şehnaz Layıkel Prange:: What does "The Good Life" mean in our world today?

Galerie für nachhaltige Kunst in Berlin
